{"id":34,"date":"2023-02-15T22:38:20","date_gmt":"2023-02-15T21:38:20","guid":{"rendered":"https:\/\/www.goldener-anker-freiburg.de\/gasthaus\/?page_id=34"},"modified":"2026-04-27T20:12:15","modified_gmt":"2026-04-27T18:12:15","slug":"mittagstisch","status":"publish","type":"page","link":"https:\/\/www.goldener-anker-freiburg.de\/gasthaus\/mittagstisch\/","title":{"rendered":"MITTAGSTISCH"},"content":{"rendered":"<div class=\"et_pb_section_0 et_pb_section et_pb_fullwidth_section et_section_regular et_block_section\">\n<section class=\"et_pb_fullwidth_header_0 et_pb_fullwidth_header et_pb_fullscreen et_pb_bg_layout_dark et_pb_text_align_left et_pb_section_parallax et_pb_module et_flex_module\"><span class=\"et-pb-parallax-wrapper\"><span class=\"et-pb-parallax-background et-pb-parallax-background-module--divi-fullwidth-header-0\" style=\"background-image:url(https:\/\/www.goldener-anker-freiburg.de\/gasthaus\/wp-content\/uploads\/2024\/01\/Firefly-Holztisch-im-Freien-vor-einer-Mauer-schoenes-Wetter-Schnitzel-mit-Kartoffeln-stehen-auf-dem.jpg)\"><\/span><\/span><div class=\"et_pb_fullwidth_header_container left\"><div class=\"header-content-container center\"><div class=\"header-content et_flex_module\"><h1 class=\"et_pb_module_header\">Pausenzeit<\/h1><div class=\"et_pb_header_button_wrapper\"><\/div><\/div><\/div><\/div><div class=\"et_pb_fullwidth_header_overlay\"><\/div><div class=\"et_pb_fullwidth_header_scroll\"><a class=\"scroll-down-container\" href=\"#\"><span class=\"scroll-down et-pb-icon\">;<\/span><\/a><\/div><\/section>\n<\/div>\n\n<div class=\"et_pb_section_1 et_pb_section et_section_regular et_block_section\">\n<div class=\"et_pb_row_0 et_pb_row et_block_row\">\n<div class=\"et_pb_column_0 et_pb_column et_pb_column_4_4 et-last-child et_block_column et_pb_css_mix_blend_mode_passthrough\">\n<div class=\"et_pb_text_0 et_pb_text et_pb_bg_layout_light et_pb_module et_block_module et_pb_text_align_center\"><div class=\"et_pb_text_inner\"><h1>Unser Mittagstisch vom 27.04. bis 01.05.2026<\/h1>\n<\/div><\/div>\n<\/div>\n<\/div>\n<\/div>\n\n<div class=\"et_pb_section_2 et_pb_section et_section_regular et_block_section\">\n<div class=\"et_pb_row_1 et_pb_row et_flex_row\">\n<div class=\"et_pb_column_1 et_pb_column et_block_column et_pb_css_mix_blend_mode_passthrough et_flex_column_24_24 et_flex_column_24_24_tablet et_flex_column_24_24_phone\">\n<div class=\"dsm_flipbox_0 dsm_flipbox et_pb_module\"><div class=\"et_pb_module_inner\"><div class=\"dsm-flipbox dsm-flipbox-effect-right     dsm_flipbox_hover dsm_flipbox_trigger_whole \">\n<div class=\"dsm_flipbox_child_0 dsm_flipbox_child dsm_image_icon_placement_top et_pb_bg_layout_ et_pb_module\"><div class=\"et_pb_module_inner\"><div class=\"dsm_flipbox_child_image\"> <span class=\"dsm_flipbox_child_image_wrap\"> <img decoding=\"async\" src=\"\"\/> <\/span> <\/div>\n\t\t\t \n\t\t\t <div class=\"dsm_flipbox_wrapper\">\n\t\t\t  <h4 class=\"dsm-title et_pb_module_header\">MONTAG<\/h4>\n\t\t\t  \n\t\t\t  \n\t\t\t  \n\t\t\t<\/div><\/div><\/div>\n\n<div class=\"dsm_flipbox_child_1 dsm_flipbox_child dsm_image_icon_placement_top et_pb_bg_layout_ et_pb_module\"><div class=\"et_pb_module_inner\"><div class=\"dsm_flipbox_child_image\"> <span class=\"dsm_flipbox_child_image_wrap\"> <img decoding=\"async\" src=\"\"\/> <\/span> <\/div>\n\t\t\t \n\t\t\t <div class=\"dsm_flipbox_wrapper\">\n\t\t\t  <h4 class=\"dsm-title et_pb_module_header\">Montag<\/h4>\n\t\t\t  \n\t\t\t  <div class=\"dsm-content\"><p>Paniertes Schnitzel mit gr\u00fcnen Bohnen und hausgemachten Sp\u00e4tzle<\/p>\n<p><strong>10,90 \u20ac<\/strong><\/p>\n<p>Kartoffelecken-Gem\u00fcse-Pfanne mit Parmesan \u00fcberbacken<\/p>\n<p><strong>9,90 \u20ac<\/strong><\/p><\/div>\n\t\t\t  \n\t\t\t<\/div><\/div><\/div>\n<\/div><\/div><\/div>\n<\/div>\n\n<div class=\"et_pb_column_2 et_pb_column et-last-child et_block_column et_pb_css_mix_blend_mode_passthrough et_flex_column_24_24 et_flex_column_24_24_tablet et_flex_column_24_24_phone\">\n<div class=\"dsm_flipbox_1 dsm_flipbox et_pb_module\"><div class=\"et_pb_module_inner\"><div class=\"dsm-flipbox dsm-flipbox-effect-right     dsm_flipbox_hover dsm_flipbox_trigger_whole \">\n<div class=\"dsm_flipbox_child_2 dsm_flipbox_child dsm_image_icon_placement_top et_pb_bg_layout_ et_pb_module\"><div class=\"et_pb_module_inner\"><div class=\"dsm_flipbox_child_image\"> <span class=\"dsm_flipbox_child_image_wrap\"> <img decoding=\"async\" src=\"\"\/> <\/span> <\/div>\n\t\t\t \n\t\t\t <div class=\"dsm_flipbox_wrapper\">\n\t\t\t  <h4 class=\"dsm-title et_pb_module_header\">Dienstag<\/h4>\n\t\t\t  \n\t\t\t  \n\t\t\t  \n\t\t\t<\/div><\/div><\/div>\n\n<div class=\"dsm_flipbox_child_3 dsm_flipbox_child dsm_image_icon_placement_top et_pb_bg_layout_ et_pb_module\"><div class=\"et_pb_module_inner\"><div class=\"dsm_flipbox_child_image\"> <span class=\"dsm_flipbox_child_image_wrap\"> <img decoding=\"async\" src=\"\"\/> <\/span> <\/div>\n\t\t\t \n\t\t\t <div class=\"dsm_flipbox_wrapper\">\n\t\t\t  <h4 class=\"dsm-title et_pb_module_header\">Dienstag<\/h4>\n\t\t\t  \n\t\t\t  <div class=\"dsm-content\"><p>Pfannkuchen gef\u00fcllt mit Gem\u00fcse und Hackfleisch-Bolognese dazu Blattsalat<\/p>\n<p><strong>10,90 \u20ac<\/strong><\/p>\n<p>Selbstgemachte Gem\u00fcsequiche mit gemischtem Salat<\/p>\n<p><strong>9,90 \u20ac<\/strong><\/p><\/div>\n\t\t\t  \n\t\t\t<\/div><\/div><\/div>\n<\/div><\/div><\/div>\n<\/div>\n<\/div>\n\n<div class=\"et_pb_row_2 et_pb_row et_flex_row\">\n<div class=\"et_pb_column_3 et_pb_column et_block_column et_pb_css_mix_blend_mode_passthrough et_flex_column_24_24 et_flex_column_24_24_tablet et_flex_column_24_24_phone\">\n<div class=\"dsm_flipbox_2 dsm_flipbox et_pb_module\"><div class=\"et_pb_module_inner\"><div class=\"dsm-flipbox dsm-flipbox-effect-right     dsm_flipbox_hover dsm_flipbox_trigger_whole \">\n<div class=\"dsm_flipbox_child_4 dsm_flipbox_child dsm_image_icon_placement_top et_pb_bg_layout_ et_pb_module\"><div class=\"et_pb_module_inner\"><div class=\"dsm_flipbox_child_image\"> <span class=\"dsm_flipbox_child_image_wrap\"> <img decoding=\"async\" src=\"\"\/> <\/span> <\/div>\n\t\t\t \n\t\t\t <div class=\"dsm_flipbox_wrapper\">\n\t\t\t  <h4 class=\"dsm-title et_pb_module_header\">Mittwoch<\/h4>\n\t\t\t  \n\t\t\t  \n\t\t\t  \n\t\t\t<\/div><\/div><\/div>\n\n<div class=\"dsm_flipbox_child_5 dsm_flipbox_child dsm_image_icon_placement_top et_pb_bg_layout_ et_pb_module\"><div class=\"et_pb_module_inner\"><div class=\"dsm_flipbox_child_image\"> <span class=\"dsm_flipbox_child_image_wrap\"> <img decoding=\"async\" src=\"\"\/> <\/span> <\/div>\n\t\t\t \n\t\t\t <div class=\"dsm_flipbox_wrapper\">\n\t\t\t  <h4 class=\"dsm-title et_pb_module_header\">Mittwoch<\/h4>\n\t\t\t  \n\t\t\t  <div class=\"dsm-content\"><p>Gebratene Putenstreifen mit buntem gemischtem Salat und Rosmarinkartoffeln<\/p>\n<p><strong>10,90 \u20ac<\/strong><\/p>\n<p>Selbstgemachter Serviettenkn\u00f6del mit Rahmpilzen<\/p>\n<p><strong>9,90 \u20ac<\/strong><\/p><\/div>\n\t\t\t  \n\t\t\t<\/div><\/div><\/div>\n<\/div><\/div><\/div>\n<\/div>\n\n<div class=\"et_pb_column_4 et_pb_column et-last-child et_block_column et_pb_css_mix_blend_mode_passthrough et_flex_column_24_24 et_flex_column_24_24_tablet et_flex_column_24_24_phone\">\n<div class=\"dsm_flipbox_3 dsm_flipbox et_pb_module\"><div class=\"et_pb_module_inner\"><div class=\"dsm-flipbox dsm-flipbox-effect-right     dsm_flipbox_hover dsm_flipbox_trigger_whole \">\n<div class=\"dsm_flipbox_child_6 dsm_flipbox_child dsm_image_icon_placement_top et_pb_bg_layout_ et_pb_module\"><div class=\"et_pb_module_inner\"><div class=\"dsm_flipbox_child_image\"> <span class=\"dsm_flipbox_child_image_wrap\"> <img decoding=\"async\" src=\"\"\/> <\/span> <\/div>\n\t\t\t \n\t\t\t <div class=\"dsm_flipbox_wrapper\">\n\t\t\t  <h4 class=\"dsm-title et_pb_module_header\">Donnerstag<\/h4>\n\t\t\t  \n\t\t\t  \n\t\t\t  \n\t\t\t<\/div><\/div><\/div>\n\n<div class=\"dsm_flipbox_child_7 dsm_flipbox_child dsm_image_icon_placement_top et_pb_bg_layout_ et_pb_module\"><div class=\"et_pb_module_inner\"><div class=\"dsm_flipbox_child_image\"> <span class=\"dsm_flipbox_child_image_wrap\"> <img decoding=\"async\" src=\"\"\/> <\/span> <\/div>\n\t\t\t \n\t\t\t <div class=\"dsm_flipbox_wrapper\">\n\t\t\t  <h4 class=\"dsm-title et_pb_module_header\">Donnerstag<\/h4>\n\t\t\t  \n\t\t\t  <div class=\"dsm-content\"><p>Cordon Bleu \"Gr\u00fcner Anker\" (mit B\u00e4rlauchpesto, gekochtem Schinken und K\u00e4se gef\u00fcllt) dazu Br\u00e4gele<\/p>\n<p><strong>10,90 \u20ac<\/strong><\/p>\n<p>Selbstgemachtes Kartoffelgratin mit Curry Wirsing<\/p>\n<p><strong>9,90 \u20ac<\/strong><\/p><\/div>\n\t\t\t  \n\t\t\t<\/div><\/div><\/div>\n<\/div><\/div><\/div>\n<\/div>\n<\/div>\n\n<div class=\"et_pb_row_3 et_pb_row et_flex_row\">\n<div class=\"et_pb_column_5 et_pb_column et-last-child et_block_column et_pb_css_mix_blend_mode_passthrough et_flex_column_24_24 et_flex_column_24_24_tablet et_flex_column_24_24_phone\">\n<div class=\"dsm_flipbox_4 dsm_flipbox et_pb_module\"><div class=\"et_pb_module_inner\"><div class=\"dsm-flipbox dsm-flipbox-effect-right     dsm_flipbox_hover dsm_flipbox_trigger_whole \">\n<div class=\"dsm_flipbox_child_8 dsm_flipbox_child dsm_image_icon_placement_top et_pb_bg_layout_ et_pb_module\"><div class=\"et_pb_module_inner\"><div class=\"dsm_flipbox_child_image\"> <span class=\"dsm_flipbox_child_image_wrap\"> <img decoding=\"async\" src=\"\"\/> <\/span> <\/div>\n\t\t\t \n\t\t\t <div class=\"dsm_flipbox_wrapper\">\n\t\t\t  <h4 class=\"dsm-title et_pb_module_header\">Freitag<\/h4>\n\t\t\t  \n\t\t\t  \n\t\t\t  \n\t\t\t<\/div><\/div><\/div>\n\n<div class=\"dsm_flipbox_child_9 dsm_flipbox_child dsm_image_icon_placement_top et_pb_bg_layout_ et_pb_module\"><div class=\"et_pb_module_inner\"><div class=\"dsm_flipbox_child_image\"> <span class=\"dsm_flipbox_child_image_wrap\"> <img decoding=\"async\" src=\"\"\/> <\/span> <\/div>\n\t\t\t \n\t\t\t <div class=\"dsm_flipbox_wrapper\">\n\t\t\t  <h4 class=\"dsm-title et_pb_module_header\">Freitag<\/h4>\n\t\t\t  \n\t\t\t  <div class=\"dsm-content\"><p>Kein Mittagstisch<\/p>\n<p>Ab 17:30 Uhr ge\u00f6ffnet<\/p><\/div>\n\t\t\t  \n\t\t\t<\/div><\/div><\/div>\n<\/div><\/div><\/div>\n\n<div class=\"dsm_flipbox_5 dsm_flipbox et_pb_module\"><div class=\"et_pb_module_inner\"><div class=\"dsm-flipbox dsm-flipbox-effect-right     dsm_flipbox_hover dsm_flipbox_trigger_whole \">\n<div class=\"dsm_flipbox_child_10 dsm_flipbox_child dsm_image_icon_placement_top et_pb_bg_layout_ et_pb_module\"><div class=\"et_pb_module_inner\"><div class=\"dsm_flipbox_child_image\"> <span class=\"dsm_flipbox_child_image_wrap\"> <img decoding=\"async\" src=\"\"\/> <\/span> <\/div>\n\t\t\t \n\t\t\t <div class=\"dsm_flipbox_wrapper\">\n\t\t\t  <h4 class=\"dsm-title et_pb_module_header\">Freitag<\/h4>\n\t\t\t  \n\t\t\t  \n\t\t\t  \n\t\t\t<\/div><\/div><\/div>\n\n<div class=\"dsm_flipbox_child_11 dsm_flipbox_child dsm_image_icon_placement_top et_pb_bg_layout_ et_pb_module\"><div class=\"et_pb_module_inner\"><div class=\"dsm_flipbox_child_image\"> <span class=\"dsm_flipbox_child_image_wrap\"> <img decoding=\"async\" src=\"\"\/> <\/span> <\/div>\n\t\t\t \n\t\t\t <div class=\"dsm_flipbox_wrapper\">\n\t\t\t  <h4 class=\"dsm-title et_pb_module_header\">Freitag<\/h4>\n\t\t\t  \n\t\t\t  <div class=\"dsm-content\"><p>Selbstgemachte Anker Fischst\u00e4bchen mit hausgemachter Remoulade dazu selbstgemachter Kartoffel-Gurkensalat<\/p>\n<p><strong>10,90 \u20ac<\/strong><\/p>\n<p>Selbstgemachte Gnocchi mit frischem Babyblattspinat in Gorgonzolaso\u00dfe und Parmesan<\/p>\n<p><strong>9,90 \u20ac<\/strong><\/p><\/div>\n\t\t\t  \n\t\t\t<\/div><\/div><\/div>\n<\/div><\/div><\/div>\n\n<div class=\"dsm_flipbox_6 dsm_flipbox et_pb_module\"><div class=\"et_pb_module_inner\"><div class=\"dsm-flipbox dsm-flipbox-effect-right     dsm_flipbox_hover dsm_flipbox_trigger_whole \">\n<div class=\"dsm_flipbox_child_12 dsm_flipbox_child dsm_image_icon_placement_top et_pb_bg_layout_ et_pb_module\"><div class=\"et_pb_module_inner\"><div class=\"dsm_flipbox_child_image\"> <span class=\"dsm_flipbox_child_image_wrap\"> <img decoding=\"async\" src=\"\"\/> <\/span> <\/div>\n\t\t\t \n\t\t\t <div class=\"dsm_flipbox_wrapper\">\n\t\t\t  <h4 class=\"dsm-title et_pb_module_header\">Freitag<\/h4>\n\t\t\t  \n\t\t\t  \n\t\t\t  \n\t\t\t<\/div><\/div><\/div>\n\n<div class=\"dsm_flipbox_child_13 dsm_flipbox_child dsm_image_icon_placement_top et_pb_bg_layout_ et_pb_module\"><div class=\"et_pb_module_inner\"><div class=\"dsm_flipbox_child_image\"> <span class=\"dsm_flipbox_child_image_wrap\"> <img decoding=\"async\" src=\"\"\/> <\/span> <\/div>\n\t\t\t \n\t\t\t <div class=\"dsm_flipbox_wrapper\">\n\t\t\t  <h4 class=\"dsm-title et_pb_module_header\">Freitag<\/h4>\n\t\t\t  \n\t\t\t  <div class=\"dsm-content\"><p>Selbstgemachte Anker Fischst\u00e4bchen mit hausgemachter Remoulade dazu selbstgemachter Kartoffel-Gurkensalat<\/p>\n<p><strong>10,90 \u20ac<\/strong><\/p>\n<p>Selbstgemachte Gnocchi mit frischem Babyblattspinat in Gorgonzolaso\u00dfe und Parmesan<\/p>\n<p><strong>9,90 \u20ac<\/strong><\/p><\/div>\n\t\t\t  \n\t\t\t<\/div><\/div><\/div>\n<\/div><\/div><\/div>\n<\/div>\n<\/div>\n\n\n<\/div>\n\n<div class=\"et_pb_section_3 et_pb_section et_section_regular et_block_section\">\n<div class=\"et_pb_row_5 et_pb_row et_block_row\">\n<div class=\"et_pb_column_8 et_pb_column et_pb_column_4_4 et-last-child et_block_column et_pb_css_mix_blend_mode_passthrough\">\n<div class=\"et_pb_text_1 et_pb_text et_pb_bg_layout_dark et_pb_module et_block_module et_pb_text_align_center\"><div class=\"et_pb_text_inner\"><p style=\"text-align: center;\">Zu allen Mittagstischgerichten kann ein Beilagensalat f\u00fcr 3,90 \u20ac dazubestellt werden.<br \/>Alle Mittagstischpreise in Verbindung eines Getr\u00e4nkes Ihrer Wahl. Ohne Getr\u00e4nk berechnen wir 1,00 \u20ac Aufschlag pro Gericht.<\/p>\n<\/div><\/div>\n\n<div class=\"et_pb_module et_pb_button_module_wrapper et_pb_button_0_wrapper\"><a class=\"et_pb_button_0 et_pb_button et_pb_bg_layout_dark et_pb_module et_block_module\" href=\"https:\/\/www.goldener-anker-freiburg.de\/gasthaus\/wp-content\/uploads\/2026\/04\/Goldener-Anker-Mittagskarte-27-04-01-05-2026.pdf\" target=\"_blank\">Mittagskarte drucken (PDF)<\/a><\/div>\n<\/div>\n<\/div>\n<\/div>","protected":false},"excerpt":{"rendered":"","protected":false},"author":1,"featured_media":0,"parent":0,"menu_order":0,"comment_status":"closed","ping_status":"closed","template":"","meta":{"footnotes":""},"class_list":["post-34","page","type-page","status-publish","hentry"],"dsm_author":{"name":"mso","avatar_url":"https:\/\/secure.gravatar.com\/avatar\/3c75b37d5a24a252f08d33e2537d78cc7ff3a8d93641efa608dc484c39a01480?s=96&d=mm&r=g","archive_link":"https:\/\/www.goldener-anker-freiburg.de\/gasthaus\/author\/mso-adm\/","biodata":""},"dsm_categories":[],"dsm_attachment_categories":[],"dsm_featured_image":null,"yoast_head":"<!-- This site is optimized with the Yoast SEO plugin v27.5 - https:\/\/yoast.com\/product\/yoast-seo-wordpress\/ -->\n<title>MITTAGSTISCH - Goldener Anker Freiburg<\/title>\n<meta name=\"robots\" content=\"index, follow, max-snippet:-1, max-image-preview:large, max-video-preview:-1\" \/>\n<link rel=\"canonical\" href=\"https:\/\/www.goldener-anker-freiburg.de\/gasthaus\/mittagstisch\/\" \/>\n<meta property=\"og:locale\" content=\"de_DE\" \/>\n<meta property=\"og:type\" content=\"article\" \/>\n<meta property=\"og:title\" content=\"MITTAGSTISCH - Goldener Anker Freiburg\" \/>\n<meta property=\"og:url\" content=\"https:\/\/www.goldener-anker-freiburg.de\/gasthaus\/mittagstisch\/\" \/>\n<meta property=\"og:site_name\" content=\"Goldener Anker Freiburg\" \/>\n<meta property=\"article:publisher\" content=\"https:\/\/www.facebook.com\/goldeneranker\" \/>\n<meta property=\"article:modified_time\" content=\"2026-04-27T18:12:15+00:00\" \/>\n<meta name=\"twitter:card\" content=\"summary_large_image\" \/>\n<meta name=\"twitter:label1\" content=\"Gesch\u00e4tzte Lesezeit\" \/>\n\t<meta name=\"twitter:data1\" content=\"1\u00a0Minute\" \/>\n<script type=\"application\/ld+json\" class=\"yoast-schema-graph\">{\"@context\":\"https:\\\/\\\/schema.org\",\"@graph\":[{\"@type\":\"WebPage\",\"@id\":\"https:\\\/\\\/www.goldener-anker-freiburg.de\\\/gasthaus\\\/mittagstisch\\\/\",\"url\":\"https:\\\/\\\/www.goldener-anker-freiburg.de\\\/gasthaus\\\/mittagstisch\\\/\",\"name\":\"MITTAGSTISCH - Goldener Anker Freiburg\",\"isPartOf\":{\"@id\":\"https:\\\/\\\/www.goldener-anker-freiburg.de\\\/gasthaus\\\/#website\"},\"datePublished\":\"2023-02-15T21:38:20+00:00\",\"dateModified\":\"2026-04-27T18:12:15+00:00\",\"breadcrumb\":{\"@id\":\"https:\\\/\\\/www.goldener-anker-freiburg.de\\\/gasthaus\\\/mittagstisch\\\/#breadcrumb\"},\"inLanguage\":\"de\",\"potentialAction\":[{\"@type\":\"ReadAction\",\"target\":[\"https:\\\/\\\/www.goldener-anker-freiburg.de\\\/gasthaus\\\/mittagstisch\\\/\"]}]},{\"@type\":\"BreadcrumbList\",\"@id\":\"https:\\\/\\\/www.goldener-anker-freiburg.de\\\/gasthaus\\\/mittagstisch\\\/#breadcrumb\",\"itemListElement\":[{\"@type\":\"ListItem\",\"position\":1,\"name\":\"Startseite\",\"item\":\"https:\\\/\\\/www.goldener-anker-freiburg.de\\\/gasthaus\\\/\"},{\"@type\":\"ListItem\",\"position\":2,\"name\":\"MITTAGSTISCH\"}]},{\"@type\":\"WebSite\",\"@id\":\"https:\\\/\\\/www.goldener-anker-freiburg.de\\\/gasthaus\\\/#website\",\"url\":\"https:\\\/\\\/www.goldener-anker-freiburg.de\\\/gasthaus\\\/\",\"name\":\"Goldener Anker Freiburg\",\"description\":\"Die Volkerverst\u00e4ndigung\",\"publisher\":{\"@id\":\"https:\\\/\\\/www.goldener-anker-freiburg.de\\\/gasthaus\\\/#organization\"},\"potentialAction\":[{\"@type\":\"SearchAction\",\"target\":{\"@type\":\"EntryPoint\",\"urlTemplate\":\"https:\\\/\\\/www.goldener-anker-freiburg.de\\\/gasthaus\\\/?s={search_term_string}\"},\"query-input\":{\"@type\":\"PropertyValueSpecification\",\"valueRequired\":true,\"valueName\":\"search_term_string\"}}],\"inLanguage\":\"de\"},{\"@type\":\"Organization\",\"@id\":\"https:\\\/\\\/www.goldener-anker-freiburg.de\\\/gasthaus\\\/#organization\",\"name\":\"Goldener Anker Freiburg\",\"url\":\"https:\\\/\\\/www.goldener-anker-freiburg.de\\\/gasthaus\\\/\",\"logo\":{\"@type\":\"ImageObject\",\"inLanguage\":\"de\",\"@id\":\"https:\\\/\\\/www.goldener-anker-freiburg.de\\\/gasthaus\\\/#\\\/schema\\\/logo\\\/image\\\/\",\"url\":\"https:\\\/\\\/www.goldener-anker-freiburg.de\\\/gasthaus\\\/wp-content\\\/uploads\\\/2023\\\/11\\\/anker-maps-pointer-pic-2.png\",\"contentUrl\":\"https:\\\/\\\/www.goldener-anker-freiburg.de\\\/gasthaus\\\/wp-content\\\/uploads\\\/2023\\\/11\\\/anker-maps-pointer-pic-2.png\",\"width\":210,\"height\":210,\"caption\":\"Goldener Anker Freiburg\"},\"image\":{\"@id\":\"https:\\\/\\\/www.goldener-anker-freiburg.de\\\/gasthaus\\\/#\\\/schema\\\/logo\\\/image\\\/\"},\"sameAs\":[\"https:\\\/\\\/www.facebook.com\\\/goldeneranker\",\"https:\\\/\\\/www.instagram.com\\\/goldenerankerfreiburg\\\/\"]}]}<\/script>\n<!-- \/ Yoast SEO plugin. -->","yoast_head_json":{"title":"MITTAGSTISCH - Goldener Anker Freiburg","robots":{"index":"index","follow":"follow","max-snippet":"max-snippet:-1","max-image-preview":"max-image-preview:large","max-video-preview":"max-video-preview:-1"},"canonical":"https:\/\/www.goldener-anker-freiburg.de\/gasthaus\/mittagstisch\/","og_locale":"de_DE","og_type":"article","og_title":"MITTAGSTISCH - Goldener Anker Freiburg","og_url":"https:\/\/www.goldener-anker-freiburg.de\/gasthaus\/mittagstisch\/","og_site_name":"Goldener Anker Freiburg","article_publisher":"https:\/\/www.facebook.com\/goldeneranker","article_modified_time":"2026-04-27T18:12:15+00:00","twitter_card":"summary_large_image","twitter_misc":{"Gesch\u00e4tzte Lesezeit":"1\u00a0Minute"},"schema":{"@context":"https:\/\/schema.org","@graph":[{"@type":"WebPage","@id":"https:\/\/www.goldener-anker-freiburg.de\/gasthaus\/mittagstisch\/","url":"https:\/\/www.goldener-anker-freiburg.de\/gasthaus\/mittagstisch\/","name":"MITTAGSTISCH - Goldener Anker Freiburg","isPartOf":{"@id":"https:\/\/www.goldener-anker-freiburg.de\/gasthaus\/#website"},"datePublished":"2023-02-15T21:38:20+00:00","dateModified":"2026-04-27T18:12:15+00:00","breadcrumb":{"@id":"https:\/\/www.goldener-anker-freiburg.de\/gasthaus\/mittagstisch\/#breadcrumb"},"inLanguage":"de","potentialAction":[{"@type":"ReadAction","target":["https:\/\/www.goldener-anker-freiburg.de\/gasthaus\/mittagstisch\/"]}]},{"@type":"BreadcrumbList","@id":"https:\/\/www.goldener-anker-freiburg.de\/gasthaus\/mittagstisch\/#breadcrumb","itemListElement":[{"@type":"ListItem","position":1,"name":"Startseite","item":"https:\/\/www.goldener-anker-freiburg.de\/gasthaus\/"},{"@type":"ListItem","position":2,"name":"MITTAGSTISCH"}]},{"@type":"WebSite","@id":"https:\/\/www.goldener-anker-freiburg.de\/gasthaus\/#website","url":"https:\/\/www.goldener-anker-freiburg.de\/gasthaus\/","name":"Goldener Anker Freiburg","description":"Die Volkerverst\u00e4ndigung","publisher":{"@id":"https:\/\/www.goldener-anker-freiburg.de\/gasthaus\/#organization"},"potentialAction":[{"@type":"SearchAction","target":{"@type":"EntryPoint","urlTemplate":"https:\/\/www.goldener-anker-freiburg.de\/gasthaus\/?s={search_term_string}"},"query-input":{"@type":"PropertyValueSpecification","valueRequired":true,"valueName":"search_term_string"}}],"inLanguage":"de"},{"@type":"Organization","@id":"https:\/\/www.goldener-anker-freiburg.de\/gasthaus\/#organization","name":"Goldener Anker Freiburg","url":"https:\/\/www.goldener-anker-freiburg.de\/gasthaus\/","logo":{"@type":"ImageObject","inLanguage":"de","@id":"https:\/\/www.goldener-anker-freiburg.de\/gasthaus\/#\/schema\/logo\/image\/","url":"https:\/\/www.goldener-anker-freiburg.de\/gasthaus\/wp-content\/uploads\/2023\/11\/anker-maps-pointer-pic-2.png","contentUrl":"https:\/\/www.goldener-anker-freiburg.de\/gasthaus\/wp-content\/uploads\/2023\/11\/anker-maps-pointer-pic-2.png","width":210,"height":210,"caption":"Goldener Anker Freiburg"},"image":{"@id":"https:\/\/www.goldener-anker-freiburg.de\/gasthaus\/#\/schema\/logo\/image\/"},"sameAs":["https:\/\/www.facebook.com\/goldeneranker","https:\/\/www.instagram.com\/goldenerankerfreiburg\/"]}]}},"_links":{"self":[{"href":"https:\/\/www.goldener-anker-freiburg.de\/gasthaus\/wp-json\/wp\/v2\/pages\/34","targetHints":{"allow":["GET"]}}],"collection":[{"href":"https:\/\/www.goldener-anker-freiburg.de\/gasthaus\/wp-json\/wp\/v2\/pages"}],"about":[{"href":"https:\/\/www.goldener-anker-freiburg.de\/gasthaus\/wp-json\/wp\/v2\/types\/page"}],"author":[{"embeddable":true,"href":"https:\/\/www.goldener-anker-freiburg.de\/gasthaus\/wp-json\/wp\/v2\/users\/1"}],"replies":[{"embeddable":true,"href":"https:\/\/www.goldener-anker-freiburg.de\/gasthaus\/wp-json\/wp\/v2\/comments?post=34"}],"version-history":[{"count":520,"href":"https:\/\/www.goldener-anker-freiburg.de\/gasthaus\/wp-json\/wp\/v2\/pages\/34\/revisions"}],"predecessor-version":[{"id":243301,"href":"https:\/\/www.goldener-anker-freiburg.de\/gasthaus\/wp-json\/wp\/v2\/pages\/34\/revisions\/243301"}],"wp:attachment":[{"href":"https:\/\/www.goldener-anker-freiburg.de\/gasthaus\/wp-json\/wp\/v2\/media?parent=34"}],"curies":[{"name":"wp","href":"https:\/\/api.w.org\/{rel}","templated":true}]}}